{"id":1291,"date":"2025-09-08T13:44:53","date_gmt":"2025-09-08T16:44:53","guid":{"rendered":"https:\/\/nacuia.org\/?page_id=1291"},"modified":"2025-09-08T14:19:12","modified_gmt":"2025-09-08T17:19:12","slug":"nossa-historia","status":"publish","type":"page","link":"https:\/\/nacuia.org\/pt_br\/nossa-historia\/","title":{"rendered":"Nossa Hist\u00f3ria"},"content":{"rendered":"\t\t<div data-elementor-type=\"wp-page\" data-elementor-id=\"1291\" class=\"elementor elementor-1291\" data-elementor-post-type=\"page\">\n\t\t\t\t<div class=\"elementor-element elementor-element-ee8e6ab e-flex e-con-boxed e-con e-parent\" data-id=\"ee8e6ab\" data-element_type=\"container\" data-e-type=\"container\">\n\t\t\t\t\t<div class=\"e-con-inner\">\n\t\t\t\t<div class=\"elementor-element elementor-element-2665da0 elementor-widget elementor-widget-heading\" data-id=\"2665da0\" data-element_type=\"widget\" data-e-type=\"widget\" data-widget_type=\"heading.default\">\n\t\t\t\t<div class=\"elementor-widget-container\">\n\t\t\t\t\t<h2 class=\"elementor-heading-title elementor-size-default\">Conhe\u00e7a nossa hist\u00f3ria<\/h2>\t\t\t\t<\/div>\n\t\t\t\t<\/div>\n\t\t\t\t<div class=\"elementor-element elementor-element-9a741bd elementor-widget elementor-widget-text-editor\" data-id=\"9a741bd\" data-element_type=\"widget\" data-e-type=\"widget\" data-widget_type=\"text-editor.default\">\n\t\t\t\t<div class=\"elementor-widget-container\">\n\t\t\t\t\t\t\t\t\t<p><span style=\"font-weight: 400;\">Nascemos em 2015 com um prop\u00f3sito claro: desafiar as narrativas estereotipadas e negativas que a m\u00eddia tradicional impunha \u00e0s manifesta\u00e7\u00f5es culturais perif\u00e9ricas. Com o olhar de quem vive e faz cultura em nossas terras, come\u00e7amos produzindo mat\u00e9rias jornal\u00edsticas pautadas na representatividade, na equidade de g\u00eanero e na valoriza\u00e7\u00e3o da nossa identidade.<\/span><\/p><p><span style=\"font-weight: 400;\">\u00c9ramos um grupo de jovens rec\u00e9m-ingressos no curso de Comunica\u00e7\u00e3o Social da UFPA quando criamos a revista <\/span><b>Na Cuia<\/b><span style=\"font-weight: 400;\">. Durante esse processo, percebemos que falar de cultura tamb\u00e9m era falar de seguran\u00e7a, sa\u00fade e pol\u00edtica. Nossa atua\u00e7\u00e3o foi se expandindo, e logo entendemos que ser apenas uma revista cultural j\u00e1 n\u00e3o atendia mais \u00e0s nossas necessidades e anseios. Foi assim que nos tornamos uma produtora cultural, ampliando nosso impacto por meio de servi\u00e7os, a\u00e7\u00f5es e projetos voltados \u00e0 cultura e \u00e0 comunica\u00e7\u00e3o.<\/span><\/p><p><span style=\"font-weight: 400;\">Com essa transforma\u00e7\u00e3o, mudamos tamb\u00e9m nossa forma de atua\u00e7\u00e3o pol\u00edtica na cultura: passamos a unir for\u00e7as com a juventude para construir um mercado cultural que de fato nos represente: diverso, plural e sustent\u00e1vel. Nosso objetivo \u00e9 garantir fomento e recursos para fortalecer neg\u00f3cios culturais e iniciativas de impacto social.<\/span><\/p><p><span style=\"font-weight: 400;\">Hoje, seguimos firmes em nosso compromisso com a cultura amaz\u00f4nica: utiliz\u00e1-la como plataforma de transforma\u00e7\u00e3o social, democratizando a comunica\u00e7\u00e3o e amplificando as narrativas da comunidade LGBTI+, da popula\u00e7\u00e3o negra e das vozes que defendem a Amaz\u00f4nia e seus territ\u00f3rios.<\/span><\/p><p><span style=\"font-weight: 400;\">Somos uma organiza\u00e7\u00e3o constru\u00edda por jovens comunicadores independentes, criativos e pertencentes \u00e0 comunidade LGBTQIAPN+. Acreditamos na valoriza\u00e7\u00e3o da cultura amaz\u00f4nica como um fio condutor de mudan\u00e7as sociais, promovendo a democratiza\u00e7\u00e3o da comunica\u00e7\u00e3o como ferramenta de emancipa\u00e7\u00e3o dos territ\u00f3rios e amplia\u00e7\u00e3o do espa\u00e7o c\u00edvico na Amaz\u00f4nia. <\/span><span style=\"font-weight: 400;\"><br \/><\/span><span style=\"font-weight: 400;\"><br \/><\/span><span style=\"font-weight: 400;\">Com afeto, <\/span><span style=\"font-weight: 400;\"><br \/><\/span><span style=\"font-weight: 400;\">Equipe Na Cuia. <\/span><\/p>\t\t\t\t\t\t\t\t<\/div>\n\t\t\t\t<\/div>\n\t\t\t\t\t<\/div>\n\t\t\t\t<\/div>\n\t\t\t\t<\/div>\n\t\t","protected":false},"excerpt":{"rendered":"<p>Conhe\u00e7a nossa hist\u00f3ria Nascemos em 2015 com um prop\u00f3sito claro: desafiar as narrativas estereotipadas e negativas que a m\u00eddia tradicional impunha \u00e0s manifesta\u00e7\u00f5es culturais perif\u00e9ricas. Com o olhar de quem vive e faz cultura em nossas terras, come\u00e7amos produzindo mat\u00e9rias jornal\u00edsticas pautadas na representatividade, na equidade de g\u00eanero e na valoriza\u00e7\u00e3o da nossa identidade. \u00c9ramos [&hellip;]<\/p>\n","protected":false},"author":1,"featured_media":0,"parent":0,"menu_order":0,"comment_status":"closed","ping_status":"closed","template":"","meta":{"footnotes":""},"class_list":["post-1291","page","type-page","status-publish","hentry"],"yoast_head":"<!-- This site is optimized with the Yoast SEO plugin v27.0 - https:\/\/yoast.com\/product\/yoast-seo-wordpress\/ -->\n<title>Nossa Hist\u00f3ria - NA CUIA<\/title>\n<meta name=\"robots\" content=\"index, follow, max-snippet:-1, max-image-preview:large, max-video-preview:-1\" \/>\n<link rel=\"canonical\" href=\"https:\/\/nacuia.org\/pt_br\/nossa-historia\/\" \/>\n<meta property=\"og:locale\" content=\"pt_BR\" \/>\n<meta property=\"og:type\" content=\"article\" \/>\n<meta property=\"og:title\" content=\"Nossa Hist\u00f3ria - NA CUIA\" \/>\n<meta property=\"og:description\" content=\"Conhe\u00e7a nossa hist\u00f3ria Nascemos em 2015 com um prop\u00f3sito claro: desafiar as narrativas estereotipadas e negativas que a m\u00eddia tradicional impunha \u00e0s manifesta\u00e7\u00f5es culturais perif\u00e9ricas. Com o olhar de quem vive e faz cultura em nossas terras, come\u00e7amos produzindo mat\u00e9rias jornal\u00edsticas pautadas na representatividade, na equidade de g\u00eanero e na valoriza\u00e7\u00e3o da nossa identidade. \u00c9ramos [&hellip;]\" \/>\n<meta property=\"og:url\" content=\"https:\/\/nacuia.org\/pt_br\/nossa-historia\/\" \/>\n<meta property=\"og:site_name\" content=\"NA CUIA\" \/>\n<meta property=\"article:modified_time\" content=\"2025-09-08T17:19:12+00:00\" \/>\n<meta name=\"twitter:card\" content=\"summary_large_image\" \/>\n<meta name=\"twitter:label1\" content=\"Est. tempo de leitura\" \/>\n\t<meta name=\"twitter:data1\" content=\"2 minutos\" \/>\n<script type=\"application\/ld+json\" class=\"yoast-schema-graph\">{\"@context\":\"https:\/\/schema.org\",\"@graph\":[{\"@type\":\"WebPage\",\"@id\":\"https:\/\/nacuia.org\/nossa-historia\/\",\"url\":\"https:\/\/nacuia.org\/nossa-historia\/\",\"name\":\"Nossa Hist\u00f3ria - NA CUIA\",\"isPartOf\":{\"@id\":\"https:\/\/nacuia.org\/#website\"},\"datePublished\":\"2025-09-08T16:44:53+00:00\",\"dateModified\":\"2025-09-08T17:19:12+00:00\",\"breadcrumb\":{\"@id\":\"https:\/\/nacuia.org\/nossa-historia\/#breadcrumb\"},\"inLanguage\":\"pt-BR\",\"potentialAction\":[{\"@type\":\"ReadAction\",\"target\":[\"https:\/\/nacuia.org\/nossa-historia\/\"]}]},{\"@type\":\"BreadcrumbList\",\"@id\":\"https:\/\/nacuia.org\/nossa-historia\/#breadcrumb\",\"itemListElement\":[{\"@type\":\"ListItem\",\"position\":1,\"name\":\"In\u00edcio\",\"item\":\"https:\/\/nacuia.org\/\"},{\"@type\":\"ListItem\",\"position\":2,\"name\":\"Nossa Hist\u00f3ria\"}]},{\"@type\":\"WebSite\",\"@id\":\"https:\/\/nacuia.org\/#website\",\"url\":\"https:\/\/nacuia.org\/\",\"name\":\"NA CUIA\",\"description\":\"Associa\u00e7\u00e3o Cultural\",\"potentialAction\":[{\"@type\":\"SearchAction\",\"target\":{\"@type\":\"EntryPoint\",\"urlTemplate\":\"https:\/\/nacuia.org\/?s={search_term_string}\"},\"query-input\":{\"@type\":\"PropertyValueSpecification\",\"valueRequired\":true,\"valueName\":\"search_term_string\"}}],\"inLanguage\":\"pt-BR\"}]}<\/script>\n<!-- \/ Yoast SEO plugin. -->","yoast_head_json":{"title":"Nossa Hist\u00f3ria - NA CUIA","robots":{"index":"index","follow":"follow","max-snippet":"max-snippet:-1","max-image-preview":"max-image-preview:large","max-video-preview":"max-video-preview:-1"},"canonical":"https:\/\/nacuia.org\/pt_br\/nossa-historia\/","og_locale":"pt_BR","og_type":"article","og_title":"Nossa Hist\u00f3ria - NA CUIA","og_description":"Conhe\u00e7a nossa hist\u00f3ria Nascemos em 2015 com um prop\u00f3sito claro: desafiar as narrativas estereotipadas e negativas que a m\u00eddia tradicional impunha \u00e0s manifesta\u00e7\u00f5es culturais perif\u00e9ricas. Com o olhar de quem vive e faz cultura em nossas terras, come\u00e7amos produzindo mat\u00e9rias jornal\u00edsticas pautadas na representatividade, na equidade de g\u00eanero e na valoriza\u00e7\u00e3o da nossa identidade. \u00c9ramos [&hellip;]","og_url":"https:\/\/nacuia.org\/pt_br\/nossa-historia\/","og_site_name":"NA CUIA","article_modified_time":"2025-09-08T17:19:12+00:00","twitter_card":"summary_large_image","twitter_misc":{"Est. tempo de leitura":"2 minutos"},"schema":{"@context":"https:\/\/schema.org","@graph":[{"@type":"WebPage","@id":"https:\/\/nacuia.org\/nossa-historia\/","url":"https:\/\/nacuia.org\/nossa-historia\/","name":"Nossa Hist\u00f3ria - NA CUIA","isPartOf":{"@id":"https:\/\/nacuia.org\/#website"},"datePublished":"2025-09-08T16:44:53+00:00","dateModified":"2025-09-08T17:19:12+00:00","breadcrumb":{"@id":"https:\/\/nacuia.org\/nossa-historia\/#breadcrumb"},"inLanguage":"pt-BR","potentialAction":[{"@type":"ReadAction","target":["https:\/\/nacuia.org\/nossa-historia\/"]}]},{"@type":"BreadcrumbList","@id":"https:\/\/nacuia.org\/nossa-historia\/#breadcrumb","itemListElement":[{"@type":"ListItem","position":1,"name":"In\u00edcio","item":"https:\/\/nacuia.org\/"},{"@type":"ListItem","position":2,"name":"Nossa Hist\u00f3ria"}]},{"@type":"WebSite","@id":"https:\/\/nacuia.org\/#website","url":"https:\/\/nacuia.org\/","name":"NA CUIA","description":"Associa\u00e7\u00e3o Cultural","potentialAction":[{"@type":"SearchAction","target":{"@type":"EntryPoint","urlTemplate":"https:\/\/nacuia.org\/?s={search_term_string}"},"query-input":{"@type":"PropertyValueSpecification","valueRequired":true,"valueName":"search_term_string"}}],"inLanguage":"pt-BR"}]}},"_links":{"self":[{"href":"https:\/\/nacuia.org\/pt_br\/wp-json\/wp\/v2\/pages\/1291","targetHints":{"allow":["GET"]}}],"collection":[{"href":"https:\/\/nacuia.org\/pt_br\/wp-json\/wp\/v2\/pages"}],"about":[{"href":"https:\/\/nacuia.org\/pt_br\/wp-json\/wp\/v2\/types\/page"}],"author":[{"embeddable":true,"href":"https:\/\/nacuia.org\/pt_br\/wp-json\/wp\/v2\/users\/1"}],"replies":[{"embeddable":true,"href":"https:\/\/nacuia.org\/pt_br\/wp-json\/wp\/v2\/comments?post=1291"}],"version-history":[{"count":9,"href":"https:\/\/nacuia.org\/pt_br\/wp-json\/wp\/v2\/pages\/1291\/revisions"}],"predecessor-version":[{"id":1318,"href":"https:\/\/nacuia.org\/pt_br\/wp-json\/wp\/v2\/pages\/1291\/revisions\/1318"}],"wp:attachment":[{"href":"https:\/\/nacuia.org\/pt_br\/wp-json\/wp\/v2\/media?parent=1291"}],"curies":[{"name":"wp","href":"https:\/\/api.w.org\/{rel}","templated":true}]}}

Nossa História

<div data-elementor-type="wp-page" data-elementor-id="1291" class="elementor elementor-1291" data-elementor-post-type="page">
				<div class="elementor-element elementor-element-ee8e6ab e-flex e-con-boxed e-con e-parent" data-id="ee8e6ab" data-element_type="container" data-e-type="container">
					<div class="e-con-inner">
				<div class="elementor-element elementor-element-2665da0 elementor-widget elementor-widget-heading" data-id="2665da0" data-element_type="widget" data-e-type="widget" data-widget_type="heading.default">
				<div class="elementor-widget-container">
					<h2 class="elementor-heading-title elementor-size-default">Conheça nossa história</h2>				</div>
				</div>
				<div class="elementor-element elementor-element-9a741bd elementor-widget elementor-widget-text-editor" data-id="9a741bd" data-element_type="widget" data-e-type="widget" data-widget_type="text-editor.default">
				<div class="elementor-widget-container">
									<p><span style="font-weight: 400;">Nascemos em 2015 com um propósito claro: desafiar as narrativas estereotipadas e negativas que a mídia tradicional impunha às manifestações culturais periféricas. Com o olhar de quem vive e faz cultura em nossas terras, começamos produzindo matérias jornalísticas pautadas na representatividade, na equidade de gênero e na valorização da nossa identidade.</span></p><p><span style="font-weight: 400;">Éramos um grupo de jovens recém-ingressos no curso de Comunicação Social da UFPA quando criamos a revista </span><b>Na Cuia</b><span style="font-weight: 400;">. Durante esse processo, percebemos que falar de cultura também era falar de segurança, saúde e política. Nossa atuação foi se expandindo, e logo entendemos que ser apenas uma revista cultural já não atendia mais às nossas necessidades e anseios. Foi assim que nos tornamos uma produtora cultural, ampliando nosso impacto por meio de serviços, ações e projetos voltados à cultura e à comunicação.</span></p><p><span style="font-weight: 400;">Com essa transformação, mudamos também nossa forma de atuação política na cultura: passamos a unir forças com a juventude para construir um mercado cultural que de fato nos represente: diverso, plural e sustentável. Nosso objetivo é garantir fomento e recursos para fortalecer negócios culturais e iniciativas de impacto social.</span></p><p><span style="font-weight: 400;">Hoje, seguimos firmes em nosso compromisso com a cultura amazônica: utilizá-la como plataforma de transformação social, democratizando a comunicação e amplificando as narrativas da comunidade LGBTI+, da população negra e das vozes que defendem a Amazônia e seus territórios.</span></p><p><span style="font-weight: 400;">Somos uma organização construída por jovens comunicadores independentes, criativos e pertencentes à comunidade LGBTQIAPN+. Acreditamos na valorização da cultura amazônica como um fio condutor de mudanças sociais, promovendo a democratização da comunicação como ferramenta de emancipação dos territórios e ampliação do espaço cívico na Amazônia. </span><span style="font-weight: 400;"><br /></span><span style="font-weight: 400;"><br /></span><span style="font-weight: 400;">Com afeto, </span><span style="font-weight: 400;"><br /></span><span style="font-weight: 400;">Equipe Na Cuia. </span></p>								</div>
				</div>
					</div>
				</div>
				</div>

<p>Conheça nossa história Nascemos em 2015 com um propósito claro: desafiar as narrativas estereotipadas e negativas que a mídia tradicional impunha às manifestações culturais periféricas. Com o olhar de quem vive e faz cultura em nossas terras, começamos produzindo matérias jornalísticas pautadas na representatividade, na equidade de gênero e na valorização da nossa identidade. Éramos [&hellip;]</p>

<!-- This site is optimized with the Yoast SEO plugin v27.0 - https://yoast.com/product/yoast-seo-wordpress/ -->
<title>Nossa História - NA CUIA</title>
<meta name="robots" content="index, follow, max-snippet:-1, max-image-preview:large, max-video-preview:-1" />
<link rel="canonical" href="https://nacuia.org/pt_br/nossa-historia/" />
<meta property="og:locale" content="pt_BR" />
<meta property="og:type" content="article" />
<meta property="og:title" content="Nossa História - NA CUIA" />
<meta property="og:description" content="Conheça nossa história Nascemos em 2015 com um propósito claro: desafiar as narrativas estereotipadas e negativas que a mídia tradicional impunha às manifestações culturais periféricas. Com o olhar de quem vive e faz cultura em nossas terras, começamos produzindo matérias jornalísticas pautadas na representatividade, na equidade de gênero e na valorização da nossa identidade. Éramos [&hellip;]" />
<meta property="og:url" content="https://nacuia.org/pt_br/nossa-historia/" />
<meta property="og:site_name" content="NA CUIA" />
<meta property="article:modified_time" content="2025-09-08T17:19:12+00:00" />
<meta name="twitter:card" content="summary_large_image" />
<meta name="twitter:label1" content="Est. tempo de leitura" />
	<meta name="twitter:data1" content="2 minutos" />
<script type="application/ld+json" class="yoast-schema-graph">{"@context":"https://schema.org","@graph":[{"@type":"WebPage","@id":"https://nacuia.org/nossa-historia/","url":"https://nacuia.org/nossa-historia/","name":"Nossa História - NA CUIA","isPartOf":{"@id":"https://nacuia.org/#website"},"datePublished":"2025-09-08T16:44:53+00:00","dateModified":"2025-09-08T17:19:12+00:00","breadcrumb":{"@id":"https://nacuia.org/nossa-historia/#breadcrumb"},"inLanguage":"pt-BR","potentialAction":[{"@type":"ReadAction","target":["https://nacuia.org/nossa-historia/"]}]},{"@type":"BreadcrumbList","@id":"https://nacuia.org/nossa-historia/#breadcrumb","itemListElement":[{"@type":"ListItem","position":1,"name":"Início","item":"https://nacuia.org/"},{"@type":"ListItem","position":2,"name":"Nossa História"}]},{"@type":"WebSite","@id":"https://nacuia.org/#website","url":"https://nacuia.org/","name":"NA CUIA","description":"Associação Cultural","potentialAction":[{"@type":"SearchAction","target":{"@type":"EntryPoint","urlTemplate":"https://nacuia.org/?s={search_term_string}"},"query-input":{"@type":"PropertyValueSpecification","valueRequired":true,"valueName":"search_term_string"}}],"inLanguage":"pt-BR"}]}</script>
<!-- / Yoast SEO plugin. -->

Nossa História - NA CUIA

Conheça nossa história Nascemos em 2015 com um propósito claro: desafiar as narrativas estereotipadas e negativas que a mídia tradicional impunha às manifestações culturais periféricas. Com o olhar de quem vive e faz cultura em nossas terras, começamos produzindo matérias jornalísticas pautadas na representatividade, na equidade de gênero e na valorização da nossa identidade. Éramos [&hellip;]

Início

Associação Cultural
