{"id":1291,"date":"2025-09-08T13:44:53","date_gmt":"2025-09-08T16:44:53","guid":{"rendered":"https:\/\/nacuia.org\/?page_id=1291"},"modified":"2025-09-08T14:19:12","modified_gmt":"2025-09-08T17:19:12","slug":"nossa-historia","status":"publish","type":"page","link":"https:\/\/nacuia.org\/en\/nossa-historia\/","title":{"rendered":"ABOUT US"},"content":{"rendered":"<div data-elementor-type=\"wp-page\" data-elementor-id=\"1291\" class=\"elementor elementor-1291\" data-elementor-post-type=\"page\">\n\t\t\t\t<div class=\"elementor-element elementor-element-ee8e6ab e-flex e-con-boxed e-con e-parent\" data-id=\"ee8e6ab\" data-element_type=\"container\" data-e-type=\"container\">\n\t\t\t\t\t<div class=\"e-con-inner\">\n\t\t\t\t<div class=\"elementor-element elementor-element-2665da0 elementor-widget elementor-widget-heading\" data-id=\"2665da0\" data-element_type=\"widget\" data-e-type=\"widget\" data-widget_type=\"heading.default\">\n\t\t\t\t<div class=\"elementor-widget-container\">\n\t\t\t\t\t<h2 class=\"elementor-heading-title elementor-size-default\">Discover our history<\/h2>\t\t\t\t<\/div>\n\t\t\t\t<\/div>\n\t\t\t\t<div class=\"elementor-element elementor-element-9a741bd elementor-widget elementor-widget-text-editor\" data-id=\"9a741bd\" data-element_type=\"widget\" data-e-type=\"widget\" data-widget_type=\"text-editor.default\">\n\t\t\t\t<div class=\"elementor-widget-container\">\n\t\t\t\t\t\t\t\t\t<p><span style=\"font-weight: 400;\">We were founded in 2015 with a clear purpose: to challenge the stereotypical and negative narratives that traditional media imposed on peripheral cultural expressions. With the perspective of those who live and create culture in our lands, we began producing journalistic articles focused on representation, gender equality, and the appreciation of our identity.<\/span><\/p><p><span style=\"font-weight: 400;\">We were a group of young people who had just started the Social Communication course at UFPA when we created the magazine. <\/span><b>Na Cuia<\/b><span style=\"font-weight: 400;\">During this process, we realized that talking about culture also meant talking about security, health, and politics. Our work expanded, and we soon realized that being just a cultural magazine no longer met our needs and desires. That's how we became a cultural production company, expanding our impact through services, initiatives, and projects focused on culture and communication.<\/span><\/p><p><span style=\"font-weight: 400;\">Com essa transforma\u00e7\u00e3o, mudamos tamb\u00e9m nossa forma de atua\u00e7\u00e3o pol\u00edtica na cultura: passamos a unir for\u00e7as com a juventude para construir um mercado cultural que de fato nos represente: diverso, plural e sustent\u00e1vel. Nosso objetivo \u00e9 garantir fomento e recursos para fortalecer neg\u00f3cios culturais e iniciativas de impacto social.<\/span><\/p><p><span style=\"font-weight: 400;\">Hoje, seguimos firmes em nosso compromisso com a cultura amaz\u00f4nica: utiliz\u00e1-la como plataforma de transforma\u00e7\u00e3o social, democratizando a comunica\u00e7\u00e3o e amplificando as narrativas da comunidade LGBTI+, da popula\u00e7\u00e3o negra e das vozes que defendem a Amaz\u00f4nia e seus territ\u00f3rios.<\/span><\/p><p><span style=\"font-weight: 400;\">We are an organization built by young, independent, creative communicators belonging to the LGBTQIAPN+ community. We believe in valuing Amazonian culture as a guiding thread for social change, promoting the democratization of communication as a tool for the emancipation of territories and the expansion of civic space in the Amazon. <\/span><span style=\"font-weight: 400;\"><br \/><\/span><span style=\"font-weight: 400;\"><br \/><\/span><span style=\"font-weight: 400;\">Com afeto, <\/span><span style=\"font-weight: 400;\"><br \/><\/span><span style=\"font-weight: 400;\">Equipe Na Cuia. <\/span><\/p>\t\t\t\t\t\t\t\t<\/div>\n\t\t\t\t<\/div>\n\t\t\t\t\t<\/div>\n\t\t\t\t<\/div>\n\t\t\t\t<\/div>","protected":false},"excerpt":{"rendered":"<p>Conhe\u00e7a nossa hist\u00f3ria Nascemos em 2015 com um prop\u00f3sito claro: desafiar as narrativas estereotipadas e negativas que a m\u00eddia tradicional impunha \u00e0s manifesta\u00e7\u00f5es culturais perif\u00e9ricas. Com o olhar de quem vive e faz cultura em nossas terras, come\u00e7amos produzindo mat\u00e9rias jornal\u00edsticas pautadas na representatividade, na equidade de g\u00eanero e na valoriza\u00e7\u00e3o da nossa identidade. \u00c9ramos [&hellip;]<\/p>\n","protected":false},"author":1,"featured_media":0,"parent":0,"menu_order":0,"comment_status":"closed","ping_status":"closed","template":"","meta":{"footnotes":""},"class_list":["post-1291","page","type-page","status-publish","hentry"],"yoast_head":"<!-- This site is optimized with the Yoast SEO plugin v27.0 - https:\/\/yoast.com\/product\/yoast-seo-wordpress\/ -->\n<title>Nossa Hist\u00f3ria - NA CUIA<\/title>\n<meta name=\"robots\" content=\"index, follow, max-snippet:-1, max-image-preview:large, max-video-preview:-1\" \/>\n<link rel=\"canonical\" href=\"https:\/\/nacuia.org\/en\/nossa-historia\/\" \/>\n<meta property=\"og:locale\" content=\"en_US\" \/>\n<meta property=\"og:type\" content=\"article\" \/>\n<meta property=\"og:title\" content=\"Nossa Hist\u00f3ria - NA CUIA\" \/>\n<meta property=\"og:description\" content=\"Conhe\u00e7a nossa hist\u00f3ria Nascemos em 2015 com um prop\u00f3sito claro: desafiar as narrativas estereotipadas e negativas que a m\u00eddia tradicional impunha \u00e0s manifesta\u00e7\u00f5es culturais perif\u00e9ricas. Com o olhar de quem vive e faz cultura em nossas terras, come\u00e7amos produzindo mat\u00e9rias jornal\u00edsticas pautadas na representatividade, na equidade de g\u00eanero e na valoriza\u00e7\u00e3o da nossa identidade. \u00c9ramos [&hellip;]\" \/>\n<meta property=\"og:url\" content=\"https:\/\/nacuia.org\/en\/nossa-historia\/\" \/>\n<meta property=\"og:site_name\" content=\"NA CUIA\" \/>\n<meta property=\"article:modified_time\" content=\"2025-09-08T17:19:12+00:00\" \/>\n<meta name=\"twitter:card\" content=\"summary_large_image\" \/>\n<meta name=\"twitter:label1\" content=\"Est. reading time\" \/>\n\t<meta name=\"twitter:data1\" content=\"2 minutes\" \/>\n<script type=\"application\/ld+json\" class=\"yoast-schema-graph\">{\"@context\":\"https:\/\/schema.org\",\"@graph\":[{\"@type\":\"WebPage\",\"@id\":\"https:\/\/nacuia.org\/nossa-historia\/\",\"url\":\"https:\/\/nacuia.org\/nossa-historia\/\",\"name\":\"Nossa Hist\u00f3ria - NA CUIA\",\"isPartOf\":{\"@id\":\"https:\/\/nacuia.org\/#website\"},\"datePublished\":\"2025-09-08T16:44:53+00:00\",\"dateModified\":\"2025-09-08T17:19:12+00:00\",\"breadcrumb\":{\"@id\":\"https:\/\/nacuia.org\/nossa-historia\/#breadcrumb\"},\"inLanguage\":\"en-US\",\"potentialAction\":[{\"@type\":\"ReadAction\",\"target\":[\"https:\/\/nacuia.org\/nossa-historia\/\"]}]},{\"@type\":\"BreadcrumbList\",\"@id\":\"https:\/\/nacuia.org\/nossa-historia\/#breadcrumb\",\"itemListElement\":[{\"@type\":\"ListItem\",\"position\":1,\"name\":\"In\u00edcio\",\"item\":\"https:\/\/nacuia.org\/\"},{\"@type\":\"ListItem\",\"position\":2,\"name\":\"Nossa Hist\u00f3ria\"}]},{\"@type\":\"WebSite\",\"@id\":\"https:\/\/nacuia.org\/#website\",\"url\":\"https:\/\/nacuia.org\/\",\"name\":\"NA CUIA\",\"description\":\"Associa\u00e7\u00e3o Cultural\",\"potentialAction\":[{\"@type\":\"SearchAction\",\"target\":{\"@type\":\"EntryPoint\",\"urlTemplate\":\"https:\/\/nacuia.org\/?s={search_term_string}\"},\"query-input\":{\"@type\":\"PropertyValueSpecification\",\"valueRequired\":true,\"valueName\":\"search_term_string\"}}],\"inLanguage\":\"en-US\"}]}<\/script>\n<!-- \/ Yoast SEO plugin. -->","yoast_head_json":{"title":"Nossa Hist\u00f3ria - NA CUIA","robots":{"index":"index","follow":"follow","max-snippet":"max-snippet:-1","max-image-preview":"max-image-preview:large","max-video-preview":"max-video-preview:-1"},"canonical":"https:\/\/nacuia.org\/en\/nossa-historia\/","og_locale":"en_US","og_type":"article","og_title":"Nossa Hist\u00f3ria - NA CUIA","og_description":"Conhe\u00e7a nossa hist\u00f3ria Nascemos em 2015 com um prop\u00f3sito claro: desafiar as narrativas estereotipadas e negativas que a m\u00eddia tradicional impunha \u00e0s manifesta\u00e7\u00f5es culturais perif\u00e9ricas. Com o olhar de quem vive e faz cultura em nossas terras, come\u00e7amos produzindo mat\u00e9rias jornal\u00edsticas pautadas na representatividade, na equidade de g\u00eanero e na valoriza\u00e7\u00e3o da nossa identidade. \u00c9ramos [&hellip;]","og_url":"https:\/\/nacuia.org\/en\/nossa-historia\/","og_site_name":"NA CUIA","article_modified_time":"2025-09-08T17:19:12+00:00","twitter_card":"summary_large_image","twitter_misc":{"Est. reading time":"2 minutes"},"schema":{"@context":"https:\/\/schema.org","@graph":[{"@type":"WebPage","@id":"https:\/\/nacuia.org\/nossa-historia\/","url":"https:\/\/nacuia.org\/nossa-historia\/","name":"Nossa Hist\u00f3ria - NA CUIA","isPartOf":{"@id":"https:\/\/nacuia.org\/#website"},"datePublished":"2025-09-08T16:44:53+00:00","dateModified":"2025-09-08T17:19:12+00:00","breadcrumb":{"@id":"https:\/\/nacuia.org\/nossa-historia\/#breadcrumb"},"inLanguage":"en-US","potentialAction":[{"@type":"ReadAction","target":["https:\/\/nacuia.org\/nossa-historia\/"]}]},{"@type":"BreadcrumbList","@id":"https:\/\/nacuia.org\/nossa-historia\/#breadcrumb","itemListElement":[{"@type":"ListItem","position":1,"name":"In\u00edcio","item":"https:\/\/nacuia.org\/"},{"@type":"ListItem","position":2,"name":"Nossa Hist\u00f3ria"}]},{"@type":"WebSite","@id":"https:\/\/nacuia.org\/#website","url":"https:\/\/nacuia.org\/","name":"NA CUIA","description":"Associa\u00e7\u00e3o Cultural","potentialAction":[{"@type":"SearchAction","target":{"@type":"EntryPoint","urlTemplate":"https:\/\/nacuia.org\/?s={search_term_string}"},"query-input":{"@type":"PropertyValueSpecification","valueRequired":true,"valueName":"search_term_string"}}],"inLanguage":"en-US"}]}},"_links":{"self":[{"href":"https:\/\/nacuia.org\/en\/wp-json\/wp\/v2\/pages\/1291","targetHints":{"allow":["GET"]}}],"collection":[{"href":"https:\/\/nacuia.org\/en\/wp-json\/wp\/v2\/pages"}],"about":[{"href":"https:\/\/nacuia.org\/en\/wp-json\/wp\/v2\/types\/page"}],"author":[{"embeddable":true,"href":"https:\/\/nacuia.org\/en\/wp-json\/wp\/v2\/users\/1"}],"replies":[{"embeddable":true,"href":"https:\/\/nacuia.org\/en\/wp-json\/wp\/v2\/comments?post=1291"}],"version-history":[{"count":9,"href":"https:\/\/nacuia.org\/en\/wp-json\/wp\/v2\/pages\/1291\/revisions"}],"predecessor-version":[{"id":1318,"href":"https:\/\/nacuia.org\/en\/wp-json\/wp\/v2\/pages\/1291\/revisions\/1318"}],"wp:attachment":[{"href":"https:\/\/nacuia.org\/en\/wp-json\/wp\/v2\/media?parent=1291"}],"curies":[{"name":"wp","href":"https:\/\/api.w.org\/{rel}","templated":true}]}}

<div data-elementor-type="wp-page" data-elementor-id="1291" class="elementor elementor-1291" data-elementor-post-type="page">
				<div class="elementor-element elementor-element-ee8e6ab e-flex e-con-boxed e-con e-parent" data-id="ee8e6ab" data-element_type="container" data-e-type="container">
					<div class="e-con-inner">
				<div class="elementor-element elementor-element-2665da0 elementor-widget elementor-widget-heading" data-id="2665da0" data-element_type="widget" data-e-type="widget" data-widget_type="heading.default">
				<div class="elementor-widget-container">
					<h2 class="elementor-heading-title elementor-size-default">Discover our history</h2>				</div>
				</div>
				<div class="elementor-element elementor-element-9a741bd elementor-widget elementor-widget-text-editor" data-id="9a741bd" data-element_type="widget" data-e-type="widget" data-widget_type="text-editor.default">
				<div class="elementor-widget-container">
									<p><span style="font-weight: 400;">We were founded in 2015 with a clear purpose: to challenge the stereotypical and negative narratives that traditional media imposed on peripheral cultural expressions. With the perspective of those who live and create culture in our lands, we began producing journalistic articles focused on representation, gender equality, and the appreciation of our identity.</span></p><p><span style="font-weight: 400;">We were a group of young people who had just started the Social Communication course at UFPA when we created the magazine. </span><b>Na Cuia</b><span style="font-weight: 400;">During this process, we realized that talking about culture also meant talking about security, health, and politics. Our work expanded, and we soon realized that being just a cultural magazine no longer met our needs and desires. That's how we became a cultural production company, expanding our impact through services, initiatives, and projects focused on culture and communication.</span></p><p><span style="font-weight: 400;">Com essa transformação, mudamos também nossa forma de atuação política na cultura: passamos a unir forças com a juventude para construir um mercado cultural que de fato nos represente: diverso, plural e sustentável. Nosso objetivo é garantir fomento e recursos para fortalecer negócios culturais e iniciativas de impacto social.</span></p><p><span style="font-weight: 400;">Hoje, seguimos firmes em nosso compromisso com a cultura amazônica: utilizá-la como plataforma de transformação social, democratizando a comunicação e amplificando as narrativas da comunidade LGBTI+, da população negra e das vozes que defendem a Amazônia e seus territórios.</span></p><p><span style="font-weight: 400;">We are an organization built by young, independent, creative communicators belonging to the LGBTQIAPN+ community. We believe in valuing Amazonian culture as a guiding thread for social change, promoting the democratization of communication as a tool for the emancipation of territories and the expansion of civic space in the Amazon. </span><span style="font-weight: 400;"><br /></span><span style="font-weight: 400;"><br /></span><span style="font-weight: 400;">Com afeto, </span><span style="font-weight: 400;"><br /></span><span style="font-weight: 400;">Equipe Na Cuia. </span></p>								</div>
				</div>
					</div>
				</div>
				</div>

<p>Conheça nossa história Nascemos em 2015 com um propósito claro: desafiar as narrativas estereotipadas e negativas que a mídia tradicional impunha às manifestações culturais periféricas. Com o olhar de quem vive e faz cultura em nossas terras, começamos produzindo matérias jornalísticas pautadas na representatividade, na equidade de gênero e na valorização da nossa identidade. Éramos [&hellip;]</p>

<!-- This site is optimized with the Yoast SEO plugin v27.0 - https://yoast.com/product/yoast-seo-wordpress/ -->
<title>Nossa História - NA CUIA</title>
<meta name="robots" content="index, follow, max-snippet:-1, max-image-preview:large, max-video-preview:-1" />
<link rel="canonical" href="https://nacuia.org/en/nossa-historia/" />
<meta property="og:locale" content="en_US" />
<meta property="og:type" content="article" />
<meta property="og:title" content="Nossa História - NA CUIA" />
<meta property="og:description" content="Conheça nossa história Nascemos em 2015 com um propósito claro: desafiar as narrativas estereotipadas e negativas que a mídia tradicional impunha às manifestações culturais periféricas. Com o olhar de quem vive e faz cultura em nossas terras, começamos produzindo matérias jornalísticas pautadas na representatividade, na equidade de gênero e na valorização da nossa identidade. Éramos [&hellip;]" />
<meta property="og:url" content="https://nacuia.org/en/nossa-historia/" />
<meta property="og:site_name" content="NA CUIA" />
<meta property="article:modified_time" content="2025-09-08T17:19:12+00:00" />
<meta name="twitter:card" content="summary_large_image" />
<meta name="twitter:label1" content="Est. reading time" />
	<meta name="twitter:data1" content="2 minutes" />
<script type="application/ld+json" class="yoast-schema-graph">{"@context":"https://schema.org","@graph":[{"@type":"WebPage","@id":"https://nacuia.org/nossa-historia/","url":"https://nacuia.org/nossa-historia/","name":"Nossa História - NA CUIA","isPartOf":{"@id":"https://nacuia.org/#website"},"datePublished":"2025-09-08T16:44:53+00:00","dateModified":"2025-09-08T17:19:12+00:00","breadcrumb":{"@id":"https://nacuia.org/nossa-historia/#breadcrumb"},"inLanguage":"en-US","potentialAction":[{"@type":"ReadAction","target":["https://nacuia.org/nossa-historia/"]}]},{"@type":"BreadcrumbList","@id":"https://nacuia.org/nossa-historia/#breadcrumb","itemListElement":[{"@type":"ListItem","position":1,"name":"Início","item":"https://nacuia.org/"},{"@type":"ListItem","position":2,"name":"Nossa História"}]},{"@type":"WebSite","@id":"https://nacuia.org/#website","url":"https://nacuia.org/","name":"NA CUIA","description":"Associação Cultural","potentialAction":[{"@type":"SearchAction","target":{"@type":"EntryPoint","urlTemplate":"https://nacuia.org/?s={search_term_string}"},"query-input":{"@type":"PropertyValueSpecification","valueRequired":true,"valueName":"search_term_string"}}],"inLanguage":"en-US"}]}</script>
<!-- / Yoast SEO plugin. -->

Nossa História - NA CUIA

Conheça nossa história Nascemos em 2015 com um propósito claro: desafiar as narrativas estereotipadas e negativas que a mídia tradicional impunha às manifestações culturais periféricas. Com o olhar de quem vive e faz cultura em nossas terras, começamos produzindo matérias jornalísticas pautadas na representatividade, na equidade de gênero e na valorização da nossa identidade. Éramos [&hellip;]

Início

Nossa História

Associação Cultural
